 the highest common factor of 3875 and 6417?
31
What is the greatest common divisor of 3225 and 14115?
15
Calculate the highest common divisor of 5913 and 8760.
219
Calculate the greatest common factor of 1514287 and 149.
149
Calculate the greatest common divisor of 135 and 1340.
5
Calculate the highest common factor of 188 and 43522.
94
What is the highest common factor of 224 and 4305?
7
What is the highest common factor of 78 and 211263?
39
What is the highest common divisor of 855 and 7885?
95
What is the highest common factor of 4906 and 374?
22
Calculate the highest common factor of 27318 and 1392.
174
What is the greatest common divisor of 7283524 and 74?
74
Calculate the highest common factor of 7941 and 69.
3
Calculate the greatest common factor of 4721 and 4.
1
Calculate the highest common divisor of 1460 and 16300.
20
What is the greatest common factor of 157 and 9390013?
157
Calculate the greatest common factor of 2411803 and 2185.
437
What is the greatest common factor of 14925 and 53531?
199
Calculate the highest common factor of 67 and 448967.
67
Calculate the greatest common factor of 31707 and 819.
117
Calculate the highest common factor of 32 and 185488.
16
Calculate the highest common factor of 27 and 1935270.
9
Calculate the greatest common divisor of 21 and 3783612.
21
What is the greatest common factor of 288 and 32?
32
What is the greatest common factor of 48986 and 28?
14
Calculate the highest common factor of 106 and 159583.
53
What is the greatest common divisor of 170 and 356252?
34
What is the greatest common divisor of 872541 and 1005?
201
What is the greatest common factor of 3572 and 397714?
94
Calculate the highest common factor of 402 and 7102.
134
Calculate the greatest common factor of 3027580 and 40.
20
What is the highest common divisor of 36124 and 14344?
44
What is the greatest common factor of 660015 and 405?
135
Calculate the highest common factor of 27 and 533943.
9
Calculate the greatest common factor of 2189 and 8955.
199
What is the greatest common factor of 24 and 172184?
8
Calculate the greatest common divisor of 371621 and 95.
19
What is the highest common divisor of 374 and 326128?
374
Calculate the highest common divisor of 430 and 1030.
10
What is the highest common factor of 1314 and 1098?
18
Calculate the highest common factor of 85 and 9146.
17
What is the greatest common divisor of 6870 and 245?
5
Calculate the greatest common factor of 363 and 238623.
33
Calculate the highest common factor of 5338 and 785.
157
Calculate the greatest common divisor of 5024 and 27318.
314
Calculate the greatest common factor of 11 and 8867177.
11
Calculate the highest common divisor of 45512 and 8.
8
Calculate the highest common factor of 486 and 1656558.
54
Calculate the greatest common divisor of 177 and 72747.
177
What is the highest common divisor of 1152 and 297144?
72
Calculate the highest common factor of 110624 and 328.
8
Calculate the highest common divisor of 70 and 240130.
10
What is the greatest common factor of 9312 and 7857?
291
Calculate the greatest common factor of 3895 and 306065.
205
Calculate the greatest common divisor of 1037 and 11492.
17
What is the highest common factor of 2980 and 305152?
596
Calculate the greatest common factor of 207 and 1384094.
23
What is the highest common factor of 1516 and 48?
4
What is the highest common factor of 1590 and 4755?
15
What is the greatest common divisor of 282 and 448850?
94
What is the greatest common factor of 6253 and 325?
13
What is the greatest common factor of 7378 and 25606?
434
Calculate the greatest common factor of 6462 and 3438.
18
Calculate the highest common divisor of 11247 and 4140.
69
What is the highest common divisor of 930 and 1148922?
186
What is the highest common factor of 147455 and 11?
11
Calculate the highest common divisor of 1376 and 10000.
16
What is the greatest common divisor of 212730 and 60?
30
Calculate the greatest common divisor of 78885 and 15.
15
Calculate the highest common divisor of 7 and 2849826.
7
What is the greatest common factor of 347 and 1431722?
347
Calculate the highest common factor of 33498 and 199127.
1861
What is the highest common divisor of 738465 and 30?
15
What is the greatest common divisor of 497919 and 2421?
807
What is the greatest common divisor of 7123 and 17323?
17
What is the greatest common factor of 18 and 2582856?
18
What is the highest common divisor of 12134 and 2?
2
Calculate the greatest common factor of 1883684 and 31.
31
What is the greatest common factor of 2170 and 8990?
310
Calculate the greatest common factor of 17051 and 3757.
289
Calculate the highest common factor of 393765 and 15.
15
Calculate the highest common factor of 222 and 20498.
74
What is the highest common divisor of 10200 and 1350?
150
What is the highest common factor of 240 and 45960?
120
What is the greatest common divisor of 77158 and 3114?
346
What is the greatest common factor of 2071 and 12317?
109
What is the greatest common divisor of 95 and 3289584?
19
Calculate the greatest common factor of 9360 and 3406.
26
Calculate the greatest common divisor of 1060080 and 5040.
1680
What is the highest common factor of 48 and 176?
16
Calculate the highest common divisor of 26469 and 9656.
17
Calculate the greatest common factor of 3603 and 123.
3
Calculate the greatest common divisor of 119 and 403648.
119
Calculate the greatest common divisor of 6479 and 5456.
341
What is the highest common factor of 819 and 11817?
117
What is the highest common factor of 4779 and 441?
9
Calculate the highest common divisor of 120 and 24320.
40
Calculate the highest common divisor of 1040 and 3250.
130
Calculate the highest common factor of 132 and 1324268.
44
Calculate the highest common divisor of 3255 and 958055.
1085
Calculate the greatest common divisor of 164 and 1338404.
164
What is the highest common divisor of 25853 and 721?
103
Calculate the greatest common divisor of 857848 and 128.
8
Calculate the highest common divisor of 2546 and 511344.
134
Calculate the highest common factor of 48804 and 21084.
84
What is the greatest common divisor of 101 and 2756896?
101
What is the highest common factor of 4697 and 7381?
671
What is the highest common factor of 648 and 221940?
324
Calculate the highest common divisor of 106 and 247987.
53
What is the highest common divisor of 2964868 and 59?
59
What is the highest common divisor of 5008 and 6573?
313
Calculate the highest common divisor of 209 and 957.
11
What is the highest common divisor of 30 and 23070?
30
Calculate the highest common divisor of 20706 and 1785.
357
What is the highest common factor of 4050 and 34668?
162
What is the highest common factor of 19316 and 176?
44
Calculate the greatest common divisor of 3361118 and 277.
277
Calculate the highest common divisor of 95 and 125690.
5
What is the greatest common divisor of 7750 and 2000?
250
What is the greatest common divisor of 15750 and 1414?
14
What is the greatest common factor of 449673 and 247?
19
What is the highest common divisor of 663 and 10302?
51
What is the greatest common factor of 66357 and 5256?
657
Calculate the greatest common factor of 1817595 and 351.
117
What is the greatest common factor of 15 and 834545?
5
Calculate the greatest common divisor of 20640 and 191780.
860
Calculate the greatest common divisor of 2691 and 2007.
9
What is the highest common divisor of 16038 and 1215?
243
Calculate the highest common divisor of 3440 and 1749670.
430
What is the greatest common factor of 1093620 and 180?
60
Calculate the highest common factor of 132 and 3756.
12
Calculate the highest common factor of 406 and 378.
14
What is the greatest common factor of 321 and 1183099?
107
What is the greatest common factor of 95062 and 522?
58
Calculate the greatest common factor of 59176 and 104.
104
Calculate the highest common divisor of 582 and 45590.
194
Calculate the highest common divisor of 150424 and 8.
8
Calculate the greatest common factor of 126 and 30471.
21
What is the highest common factor of 3122 and 189?
7
Calculate the highest common divisor of 3 and 687.
3
Calculate the highest common divisor of 14 and 2912.
14
Calculate the highest common factor of 19690 and 781.
11
Calculate the g